-245))*o. Suppose -8*s = -s - y. Is s a composite number?
True
Is 39/1014 + (-23541486)/(-156) a prime number?
True
Let t(p) = -28*p**2 + 4*p - 4. Let r be t(-5). Let b = r - -1314. Suppose 5*s + 5*s - b = 0. Is s prime?
True
Let d = -139895 + -87679. Is (8/(-48))/(3/d) prime?
False
Let h(z) = 28*z**2 - 1 + 43*z - 34*z - 22*z. Is h(-14) a prime number?
True
Suppose 0 = -244*u + 103539333 + 62699087. Is u prime?
False
Let a be 3 - 18/(-24)*4. Is 2/a + (-410784)/(-36) composite?
False
Suppose 4*r - 15640 = -5*l + 51742, 0 = -5*r - 3*l + 84221. Is r a prime number?
True
Let s be (-273)/(-7) - -2 - 4. Suppose s*h - 103516 = 61763. Is h a prime number?
False
Is ((-212)/318)/(((-8)/(-44607))/(-4)) prime?
True
Let k(h) = h. Let n(j) = 31*j**3 - 5*j**2 + 3*j - 13. Let w(u) = 4*k(u) + n(u). Is w(4) prime?
False
Let l be 248120/(-12)*((-9)/(-2) - 3). Is -2 - (-12 - -11)/((-1)/l) prime?
True
Let s(l) = -265*l + 10. Let c be s(-3). Suppose -3*r + 2*r = -c. Suppose 0 = -5*t - 190 + r. Is t a composite number?
True
Suppose 18*f = 157433 + 328765. Is f a composite number?
False
Suppose -5*l - 90685 = -5*s, 0*l = -5*s + 2*l + 90688. Is ((-3)/3)/(s/(-4534) - -4) prime?
True
Suppose 2*g - 19 = -11. Suppose -g*t + 20 = -2*x, x - 4*t + 20 = -0. Suppose -r = -5*n + r + 1015, 3*n - r - 608 = x. Is n a composite number?
True
Let g(z) = z**3 - 20*z**2 - 183*z + 91. Is g(37) a composite number?
True
Let r(i) = i + 1. Let s be r(4). Suppose -6*k + 2*k - 4*m = -4832, 4*m - 6036 = -s*k. Suppose k = 11*h - 7*h. Is h composite?
True
Let c(l) = -l**2 - 14*l - 15. Let p be c(-13). Let t be p - (5133/2 + 5/10). Let f = 4582 - t. Is f composite?
False
Let d be 9/45 + (-209)/(-5). Let q = -41 + d. Is ((-10)/(-4))/(q*(-6)/(-708)) composite?
True
Let l(f) = -6 - 10*f - 89*f**2 + 20 + 10 + 87*f**2. Let q be l(-6). Suppose 0 = -q*w + 9*w + 6543. Is w a prime number?
False
Suppose 2*n - 87321 = 34417. Is n a composite number?
False
Let t(f) = -21*f + 28. Let v = 35 + -30. Suppose -m + k - 11 = 0, -v*m - 3*k - 30 - 9 = 0. Is t(m) a composite number?
True
Suppose 32*x = 31*x + 3. Suppose -x*v + 10 - 13 = 0. Is (4670/(-50))/(v/5) a prime number?
True
Suppose -b + 27 = 29. Let g(h) = 24*h**3 + 31*h**2 + 5*h + 14. Let n(i) = 5*i**3 + 6*i**2 + i + 3. Let v(z) = b*g(z) + 11*n(z). Is v(7) composite?
False
Suppose -26 = 23*l + 20. Is 3/l*246880/(-48) prime?
False
Is (-232)/(-32)*((-44745)/(-5) + -1) prime?
False
Is (-97 - -97) + -1*(-4 - 175125) a prime number?
True
Suppose 2*f + 2 = 0, -9*g + f + 649 = -6*g. Let j = g + -83. Is j composite?
True
Let c(y) = -13*y + 26. Let j be c(2). Suppose j = -4*v - 4*v + 46232. Is v a prime number?
True
Suppose 5*h + 4*d - 3 = -7, -20 = -5*d. Is -1*(-2738 + 0 - (-1 - h)) prime?
True
Let k = -341 - -574. Let b = 2332 - k. Is b prime?
True
Let q(w) = -23120*w - 547. Is q(-4) a composite number?
True
Let j be (2/(-6))/(7/(-210)). Is (-859716)/(-195) - (-2)/j a prime number?
True
Let a(q) = q + 25. Let c be a(-17). Suppose c*w = 12*w. Suppose -9*v + 11*v - 46 = w. Is v composite?
False
Let m(d) = -370*d + 2. Let r(c) = 370*c - 2. Let a(l) = -5*m(l) - 6*r(l). Let y be a(-1). Suppose -k - p + y = 0, -p - 754 = -2*k - 5*p. Is k a prime number?
True
Is ((4 + -3)*1 + (-14923317)/146)*-2 a prime number?
True
Let s = 4 - -30. Let a = s + -34. Suppose a = -0*v - 4*v + 556. Is v prime?
True
Let l(i) = 770*i**2 - 28*i + 53. Is l(-21) composite?
False
Let w(u) = 349*u**2 - 3*u - 3. Let p be -21 - 6*(-3)/6. Let h be (-27)/p*8/(-6). Is w(h) composite?
False
Let h = 32 - 27. Suppose h*s = 13113 + 32172. Suppose 32*i - s = 29*i. Is i a prime number?
True
Suppose -3*x - z - 16 = -6*x, -2*z - 8 = -2*x. Suppose -x = -2*t + 6. Suppose 0 = t*q - 145 - 977. Is q a composite number?
True
Suppose -2*g = -4*d + 331480, 15*g = 2*d + 16*g - 165744. Is d a composite number?
True
Let m = -5032 + 3408. Let k = m - -6851. Is k a prime number?
True
Suppose 196905 = 12*m - 134079. Suppose -m = -2*u - 5*q, -69021 = 5*u - 10*u + 4*q. Is u a prime number?
False
Suppose 3*u = -i + 2*i - 746, -3*u + 2969 = 4*i. Suppose 9*b + 68 = i. Let y = 74 + b. Is y a composite number?
False
Suppose -2*x + 12284 + 9806 = 0. Suppose -p - 13810 = 5*d + 4*p, 4*d + 3*p = -x. Let w = -1194 - d. Is w prime?
False
Suppose 8*h + h - 4707 = 0. Suppose 2*p = r - h, -r - p + 2615 = 4*r. Is r prime?
True
Is -1*(-1)/((9/(-7265))/(-9)) a prime number?
False
Suppose 3*n - 2*p + 5295 = -851, 3*n = -3*p - 6171. Let a = 771 - n. Is a a composite number?
True
Suppose -5*r + 2 - 16 = -3*v, -4*v + 9 = 3*r. Let z(j) = -2812*j**3 + j**2 - 2. Is z(r) prime?
False
Let d be 6/(-21)*1 - 360/(-35). Let b(x) = 24*x**2 - 15*x - 13. Is b(d) prime?
True
Let y = 1330 + 366289. Is y a composite number?
True
Is -10 + 197556909/143 - 16/(-104) a prime number?
True
Suppose -4*l - 4*t = 6492, -5*t + 7734 = -5*l - 431. Let z = l - -9879. Is z prime?
False
Let c = -27 + 30. Suppose h - 2*a = 2539, 5*h + c*a - 5957 = 6686. Let s = h + -1490. Is s composite?
True
Let r(o) = -447*o**3 + 32*o**2 - 6*o - 11. Is r(-6) a prime number?
True
Suppose -1756434 - 96851 = -5*u. Is u a prime number?
False
Let j = -189 + 22436. Is j a prime number?
True
Suppose 0 = -4*u - 8, -5*u + 217412 = -3*h + 786687. Is h composite?
True
Let x = -48 - -51. Suppose s + 0*y - 28 = 5*y, 4*s + 5*y = -13. Suppose -5*n - x*g = -586, -g - s*g - 131 = -n. Is n a composite number?
True
Let s = -296 - -543. Suppose i = -3*h - 3, 4*i + 6 + 6 = 5*h. Suppose h = -5*u - 3*v + 372 + 29, s = 3*u + 5*v. Is u prime?
True
Let n(c) = -c**3 + 15*c**2 - 15*c + 16. Let s = 47 - 33. Let w be n(s). Is ((-39132)/8)/3*w/(-3) prime?
True
Let i = 4858 + -3427. Suppose z + 2*g - 869 = -2*z, 5*z = g + i. Suppose -5*c + 194 = -3*c - 2*p, z = 3*c - 2*p. Is c prime?
False
Let s = 30 + -28. Suppose 2*y = s*p + 415 + 67, -y + 3*p + 231 = 0. Let o = -107 + y. Is o composite?
False
Let o(u) = -u**2 + 14*u - 9. Let s be (-35)/5 + 5 - -16. Let f be o(s). Is (6/f)/(1*(-2)/4443) composite?
False
Let p(u) = 2*u**2 + 11*u + 8. Let k be p(-5). Suppose 0 = -b - 3*j + 5512, k*j = 3*b - 2541 - 13935. Is b a prime number?
False
Let d(x) be the first derivative of -252*x**2 + 29*x - 252. Is d(-10) a prime number?
False
Let a = -1 - -9. Suppose -8 = -4*t + a. Suppose -c + w + 312 = t*w, -w + 1630 = 5*c. Is c a prime number?
False
Suppose -3*q + o + 125179 = -o, 4*q - 166897 = o. Is q a composite number?
True
Let f = -7009 - -4309. Let t = 3830 + f. Let z = 2323 - t. Is z a prime number?
True
Suppose 4*t = 3*j + 8 + 1, t + 4*j - 7 = 0. Suppose 0 = -t*p + 6*p + 1470. Let s = -117 - p. Is s a composite number?
False
Suppose -42 + 54 = 3*m. Suppose -m*h + 8663 = -15413. Is h a prime number?
False
Let r(t) = -t**3 - 32*t**2 - 111*t - 69. Is r(-37) composite?
False
Suppose 0*h + 33 = -3*y - 3*h, 3*y = 4*h - 68. Is 19730*-1*8/y a composite number?
True
Let n be (0 - (0 + -2)) + 1135. Let l = 2027 - 52. Let d = l - n. Is d composite?
True
Suppose 0 = -4*y + 8, 3*c - 133206 = -3*y + 32496. Suppose 4*p + 20700 = c. Is p a prime number?
False
Suppose 3*w + 10 = -2*p, -3*w - 2*p - 10 = -6*w. Let j = 2 - w. Suppose 1886 = j*t - 5*y, -2*y + 4781 = 5*t + 2*y. Is t a prime number?
True
Suppose 84*i = -30*i + 3994674. Is i a prime number?
False
Suppose 6911*v - 532 = 6910*v. Suppose 3*x - 165 = -432. Let k = x + v. Is k a composite number?
False
Let j(m) = 23*m + 1945. Is j(8) a prime number?
True
Let n = 813 - 401. Let t be 0/(-13) + n/2. Suppose -h + 252 = -t. Is h composite?
True
Suppose -j = 2*m - 67954, -3*m = -j - 54581 - 47360. Is m a composite number?
True
Let c(n) be the second derivative of -15*n**3/2 - 4*n**2 + 2*n. Suppose 0 = -12*h + 8*h - 28. Is c(h) a composite number?
False
Let d = 26 - 17. Let j be 1/((-1)/d) - 12/(-6). Is (j*(-3)/12)/(3/732) composite?
True
Let z = 38851 - 20142. Is z composite?
True
Suppose -y + 3 = 0, 5*d - y + 0*y = -13. Let z be (-1228 + 1)*(d - 6/(-9)). Suppose -3*b + z = b. Is b composite?
False
Let s(p) = 553*p**2 - 2*p + 6. Let x(w) = 554*w**2 - w + 4. Let a(d) = -2*s(d) + 3*x(d). Is a(1) composite?
False
Let s be 5/((-30)/316)*(-3)/1. Suppose s + 54 = j. Let r = j - -47. Is r prime?
False
Is 80439*(66/(-18) + 4) a prime number?
True
Let l(v) = 125*v**2 - 62*v - 337. Is l(-6) composite?
True
